 - -1*2). Let b(a) = 7*a**2 - 3. What is the units digit of b(q)?
5
Suppose -11*h + 23409 = 6*h. Suppose 8*x - h = 3655. What is the hundreds digit of x?
6
Let s(v) = -8*v**3 + 4*v**2 - 4. Let x be s(-2). Let h = 80 - x. Suppose -h*j + 321 = -w, -5*j + 0*w = -3*w - 410. What is the units digit of j?
9
Suppose -2*u + 13634 = f - 9302, -3*f - 4*u = -68808. What is the hundreds digit of f?
9
Let u(k) = 8 - 1 - 15*k + 5*k - k**3 + 13*k**2. Let i be u(9). Suppose 4*z - 3*v - i = 0, 2*z = -0*z - 2*v + 124. What is the tens digit of z?
6
Let r(a) = a**2 + 2*a + 3. Let t be r(-1). Suppose 4*d - 3*d - 2*l = 382, -t*l = 3*d - 1106. What is the hundreds digit of d?
3
What is the tens digit of (2 - -7)/(8 - (-64785)/(-8100))?
6
What is the thousands digit of ((-9402)/(-12) - 0)/((-27)/(-216))?
6
Let d = -9525 - -13694. Suppose 32*q = 21431 + d. What is the units digit of q?
0
Let y = -13716 - -28784. What is the units digit of y?
8
Let z = 69108 - 33297. What is the hundreds digit of z?
8
Suppose -p + 2*q = -1534 + 182, 1352 = p + 2*q. Suppose 0 = 22*v - 30*v + p. What is the units digit of v?
9
Let c = -5 - 74. Let k = 443 + c. What is the tens digit of k?
6
Let a(l) = -196*l + 9. Let d = -91 - -89. What is the tens digit of a(d)?
0
Let l(n) = 2*n**2 - 18*n + 9. Let u be l(9). Suppose 0 = -3*j - 2*b + 594, 4*b - u - 983 = -5*j. What is the hundreds digit of j?
1
Let x(n) = n**3 + 37*n**2 + 2. Let w be x(-37). Suppose -5*u + 4*q + 231 = 0, -w*u = u + q - 142. What is the units digit of u?
7
Let w(q) = -3*q - 16. Let b be w(-9). Let j = 13 - b. Suppose -2*v = j*t + 3*v - 111, 5*v + 129 = 3*t. What is the tens digit of t?
4
Let z be 451/123*((4 - -1) + -2). Suppose 463 = -z*l + 12*l. What is the units digit of l?
3
Suppose 2*v - 5*f - 21017 = 0, -2*v + f = -0*v - 21045. What is the units digit of v?
6
Suppose -29*r + 3*p + 117106 = -16*r, -5*r - p + 45030 = 0. What is the units digit of r?
7
Suppose -p - 5*a + 47 = p, 2*p + 2*a - 56 = 0. Suppose -9*o - 56 + 20 = 0. Let f = o + p. What is the units digit of f?
7
Let u(v) = -v**3 + 12*v**2 - 12*v + 11. Let p be u(11). Suppose p*g + 171 = 3*g. Suppose 2*d - 131 = g. What is the tens digit of d?
9
Suppose 34 = -5*n + 49. Suppose -152 = -2*d + 4*j + 602, -d + n*j = -380. What is the tens digit of d?
7
Let g(u) = -u**3 + 20*u**2 - 32*u - 19. Suppose 72*h - 62*h = 170. What is the units digit of g(h)?
4
Let p be 5 + -1 - (-6 + 7). Suppose p*h + 4*h - 14 = 0. Suppose h*w - 3*w + 178 = 0. What is the tens digit of w?
7
Let r(p) = -p**3 - 3*p**2 - p + 280. Let i be r(0). Suppose -i = -2*x + 596. What is the units digit of x?
8
Let o = -2286 - -3714. What is the hundreds digit of o?
4
Suppose n - 7 = -5*w + 11, w = -2*n. Suppose 0 = -w*d + 665 - 269. What is the tens digit of d?
9
Let f(a) = 9*a**2 - 26*a - 481. What is the thousands digit of f(39)?
2
Suppose 0 = 1149*a - 1163*a + 356622. What is the ten thousands digit of a?
2
Suppose 5*y + 4*d = -d + 81840, 4*y - 3*d = 65479. What is the ten thousands digit of y?
1
Suppose -36*s + 4*r = -32*s - 3588, 5*r - 2667 = -3*s. What is the hundreds digit of s?
8
Let l = 98 - 83. Let k be -81*(-6)/15 + (-6)/l. Suppose k*c - 23*c = 819. What is the units digit of c?
1
What is the tens digit of (147724/42 - 48/(-144)) + (-24)/(-56)?
1
Let u(c) = 2286*c + 25*c**2 - 20*c**2 - 23 + 29*c**2 - 2194*c + c**3. What is the tens digit of u(-30)?
1
Let n(f) = -182*f - 1. Let k be n(-1). Suppose k + 365 = 6*l. What is the units digit of l?
1
Let w = 145 - -104. Suppose -w - 1047 = -2*p + r, -659 = -p - 5*r. What is the hundreds digit of p?
6
Suppose 26567 = s + 3*n, 427*n + 79771 = 3*s + 422*n. What is the thousands digit of s?
6
Let w(v) = 2*v**3 - 4*v**2 - 8*v + 10. Let f be w(3). What is the hundreds digit of (-408)/28*(-87 - f)?
3
Suppose 3*q + 9*d - 4*d + 1396 = 0, q + 469 = 2*d. Let t = q + 1711. What is the units digit of t?
4
Suppose -v + 36 = -3*p + 6*p, 2*p = -v + 38. Let l = v + -21. Let z = 7 + l. What is the tens digit of z?
2
Let g be (0 + 15/(-3))*(-12)/15. Let j be (6/9)/((-235)/60 + g). Suppose 1181 = j*k - 3. What is the tens digit of k?
4
Let j(o) = -20*o**2. Let b be j(1). Let d = b + 13. Let z(x) = x**2 - 7*x + 11. What is the hundreds digit of z(d)?
1
Suppose -2*j = 2*b - 38534, 6*b - 127473 = -4*j - 11885. What is the ten thousands digit of b?
1
Let o(q) = 711*q**3 - 7*q**2 + 48*q - 86. What is the units digit of o(4)?
8
Suppose 4*c + i = -19, c + 10*i - 5*i + 19 = 0. Let b be 2492/c + 0 + -1. What is the tens digit of (b/(-26))/(2/3)?
3
Let l(k) = -3*k**3 + 11*k**2 + 9*k + 20. Let n be l(-10). Suppose 7*r = 20*r - n. What is the tens digit of r?
1
Suppose -3*v = h - 15 + 13, -2*v = 4*h - 28. Let k be 287 + 2/(-1) - 0. What is the tens digit of h*(k/20 + -4)?
8
Suppose d = 4*t - 39101, -4*t + 25*d + 39080 = 21*d. What is the thousands digit of t?
9
Suppose -7*u - 5220 = -13*u. Suppose -5*v + 3*g + 3 = 0, 2*g + 2 + 0 = 2*v. Suppose v = 4*q + 122 - u. What is the tens digit of q?
8
What is the tens digit of 35034*((-2)/6 - (12 - (-375)/(-30)))?
3
Let d = -82 + 127. What is the units digit of (-3009)/(-5) + 9/d?
2
Let b be -3*3*5/(-45). Let a(g) = 1884*g**2 + 16*g - 17. What is the thousands digit of a(b)?
1
What is the thousands digit of 21*(-15)/735 + (-1026772)/(-28)?
6
Let g(m) be the first derivative of -m**4/4 - 3*m**3 - 22*m**2 + 4*m + 191. What is the hundreds digit of g(-11)?
7
Suppose 11*d - 1068 + 3202 = 0. Let o = 669 + d. What is the hundreds digit of o?
4
Let r = -195 - -110. What is the hundreds digit of 3 - (2 + 3)*r?
4
Suppose 14*v - 29684 + 20085 = 34739. What is the hundreds digit of v?
1
Suppose -6*b + 432 = -78. Suppose 5*x + 4 = 19. Suppose 111 = 4*u + 2*n - n, x*u = n + b. What is the units digit of u?
8
What is the hundreds digit of (19/(-76) - 80393/4*-1) + 2?
1
Suppose -5*m = -12*m + 784. Let j = m + -114. What is the units digit of (j/((-1)/1))/(26/39)?
3
Suppose -5*k + 1100 = 5*k. Let q = k + -66. Let a = q - -8. What is the tens digit of a?
5
Let h = -4003 - -22320. What is the ten thousands digit of h?
1
What is the tens digit of (48/(-18)*9)/((-6)/7196)?
8
Let o(m) = m**3 - 3*m**2 + 23*m + 65. What is the units digit of o(15)?
0
Let a be (1 + 8 - -370)*(0 + 1). Suppose 0 = -5*y + 3*o + 483, 6*o - o - a = -4*y. What is the tens digit of y?
9
Suppose -1097 = 4*r + 2311. Let v = -431 - r. What is the units digit of v?
1
Let q = -14494 + 19249. What is the thousands digit of q?
4
Let f = 73 + 12. Let l = 730 - 788. Let d = f - l. What is the tens digit of d?
4
Let b = 309 + -311. What is the tens digit of -237*(3/9 + b)?
9
Let c = 290 + -338. What is the hundreds digit of (-14388)/(-20) - c/80?
7
Suppose -5*l = -4*b - 8, -b - l + 4 = -3. Suppose -39 = -3*f - b. Suppose -17*o = -f*o - 305. What is the units digit of o?
1
Let t(g) = -7*g + 55. Let i = 49 + -73. What is the tens digit of t(i)?
2
Let x(a) = a**3 + 118*a**2 + 16*a - 6. What is the units digit of x(-30)?
4
Let o(h) be the third derivative of -19*h**5/120 + 35*h**4/24 - h**3/3 - 20*h**2. Let f(u) be the first derivative of o(u). What is the hundreds digit of f(-7)?
1
Let x(v) be the second derivative of 6*v**3 + 31*v**2 + 5*v. Let f be x(5). Suppose f = 5*h + 5*p - 2*p, p + 50 = h. What is the units digit of h?
9
Let o be (5 + 2)*-4*27/126. Let x(s) = 19*s - 33. Let c(n) = 10*n - 16. Let r(k) = -7*c(k) + 3*x(k). What is the tens digit of r(o)?
9
Let o(d) = -d**2 + 12*d - 8. Let w be o(8). Let g be (4/3)/(4 + (-92)/w). Suppose c - 17 + g = 0. What is the units digit of c?
9
Let t(m) = m + 17. Let w be t(-17). Suppose w = 3*h - 0*h - 4*q - 483, -616 = -4*h - 4*q. What is the tens digit of 172/129 - h*(-10)/6?
6
Let p = -18511 + 30949. What is the thousands digit of p?
2
Suppose 6*g - 24625 - 16283 = 0. What is the units digit of g?
8
Let k(y) = 2*y**2 + 1. Let i be k(2). Let m = 3057 - 3052. Suppose -548 = -i*u + m*u. What is the units digit of u?
7
Let q(l) = -l**3 + 9*l**2 + 4*l + 2. Let m be q(6). Suppose -o = -5*g + m, 4*g = -o + 67 + 33. Let s = g + -24. What is the units digit of s?
2
What is the tens digit of 7 + 11 + -8 - -12055?
6
Let i = 105 - -813. Suppose 2*l - i = -u - 45, -3*l = -4*u - 1337. What is the hundreds digit of l?
4
Let k be (-16)/(-40) - 3253/(-5). Suppos